{"id":7838,"date":"2026-08-13T22:22:42","date_gmt":"2026-08-13T20:22:42","guid":{"rendered":"https:\/\/leroyalnagyker.hu\/termek\/ekszer-es-ajandekdoboz-55-cm-3\/"},"modified":"2026-08-13T22:22:43","modified_gmt":"2026-08-13T20:22:43","slug":"ekszer-es-ajandekdoboz-55-cm-3","status":"publish","type":"product","link":"https:\/\/leroyalnagyker.hu\/en_us\/termek\/ekszer-es-ajandekdoboz-55-cm-3\/","title":{"rendered":"\u00c9kszer- \u00e9s aj\u00e1nd\u00e9kdoboz (5*5 cm)"},"content":{"rendered":"<p>Praktikus \u00e9kszer- \u00e9s aj\u00e1nd\u00e9kdoboz, amely eleg\u00e1ns csomagol\u00e1st biztos\u00edt kisebb aj\u00e1nd\u00e9kt\u00e1rgyaknak, \u00e9kszereknek. Tart\u00f3s, eszt\u00e9tikus kivitel, amely \u00fcnnepi alkalmakhoz \u00e9s mindennapi aj\u00e1nd\u00e9koz\u00e1shoz egyar\u00e1nt kiv\u00e1l\u00f3. Praktikus kieg\u00e9sz\u00edt\u0151 minden aj\u00e1nd\u00e9kboltba.<\/p>","protected":false},"excerpt":{"rendered":"<p>Cikksz\u00e1m: R4817-280 | Vonalk\u00f3d: 9580481702800.0<\/p>","protected":false},"featured_media":7837,"comment_status":"open","ping_status":"closed","template":"","meta":{"_bst_post_transparent":"","_bst_post_title":"","_bst_post_layout":"","_bst_post_sidebar_id":"","_bst_post_content_style":"","_bst_post_vertical_padding":"","_bst_post_feature":"","_bst_post_feature_position":"","_bst_post_header":false,"_bst_post_footer":false},"product_brand":[],"product_cat":[232],"product_tag":[],"product_brands":[],"class_list":["post-7838","product","type-product","status-publish","has-post-thumbnail","product_cat-ekszer-es-ajandekdobozok","first","instock","shipping-taxable","product-type-simple","entry","content-bg","loop-entry"],"group_of_quantity":12,"min_quantity":12,"max_quantity":"","exclude_order_quantity_value_rules":"no","exclude_category_quantity_rules":"no","combine_variations":"no","_links":{"self":[{"href":"https:\/\/leroyalnagyker.hu\/en_us\/wp-json\/wp\/v2\/product\/7838","targetHints":{"allow":["GET"]}}],"collection":[{"href":"https:\/\/leroyalnagyker.hu\/en_us\/wp-json\/wp\/v2\/product"}],"about":[{"href":"https:\/\/leroyalnagyker.hu\/en_us\/wp-json\/wp\/v2\/types\/product"}],"replies":[{"embeddable":true,"href":"https:\/\/leroyalnagyker.hu\/en_us\/wp-json\/wp\/v2\/comments?post=7838"}],"wp:featuredmedia":[{"embeddable":true,"href":"https:\/\/leroyalnagyker.hu\/en_us\/wp-json\/wp\/v2\/media\/7837"}],"wp:attachment":[{"href":"https:\/\/leroyalnagyker.hu\/en_us\/wp-json\/wp\/v2\/media?parent=7838"}],"wp:term":[{"taxonomy":"product_brand","embeddable":true,"href":"https:\/\/leroyalnagyker.hu\/en_us\/wp-json\/wp\/v2\/product_brand?post=7838"},{"taxonomy":"product_cat","embeddable":true,"href":"https:\/\/leroyalnagyker.hu\/en_us\/wp-json\/wp\/v2\/product_cat?post=7838"},{"taxonomy":"product_tag","embeddable":true,"href":"https:\/\/leroyalnagyker.hu\/en_us\/wp-json\/wp\/v2\/product_tag?post=7838"},{"taxonomy":"product_brands","embeddable":true,"href":"https:\/\/leroyalnagyker.hu\/en_us\/wp-json\/wp\/v2\/product_brands?post=7838"}],"curies":[{"name":"wp","href":"https:\/\/api.w.org\/{rel}","templated":true}]}}

Ékszer- és ajándékdoboz (5*5 cm)

<p>Praktikus ékszer- és ajándékdoboz, amely elegáns csomagolást biztosít kisebb ajándéktárgyaknak, ékszereknek. Tartós, esztétikus kivitel, amely ünnepi alkalmakhoz és mindennapi ajándékozáshoz egyaránt kiváló. Praktikus kiegészítő minden ajándékboltba.</p>

<p>Cikkszám: R4817-280 | Vonalkód: 9580481702800.0</p>
